{"id":32,"date":"2023-10-05T07:43:29","date_gmt":"2023-10-05T07:43:29","guid":{"rendered":"https:\/\/state-of-the-graphic-design.ch\/?page_id=32"},"modified":"2024-05-03T06:02:54","modified_gmt":"2024-05-03T06:02:54","slug":"warum-eine-umfrage","status":"publish","type":"page","link":"https:\/\/state-of-the-graphic-design.ch\/de\/warum-eine-umfrage\/","title":{"rendered":"Warum eine Umfrage?"},"content":{"rendered":"\n<h2 class=\"wp-block-heading\">Die Digitalisierung, die Zug\u00e4nglichkeit von Werkzeugen, die Entmaterialisierung und Globalisierung von Dienstleistungen sowie die k\u00fcnstliche Intelligenz haben den Markt f\u00fcr Grafikdesign stark ver\u00e4ndert.<\/h2>\n\n<h3 class=\"wp-block-heading\">Aus diesem Grund ist es fu\u0308r uns wichtig, einen m\u00f6glichst realistischen \u00dcberblick u\u0308ber die Marktsituation zu erlangen: Um die Herausforderungen und Bedu\u0308rfnisse unseres Berufsstands herauszuarbeiten und um \u2026<\/h3>\n\n<ul class=\"is-style-check has-large-font-size wp-block-list\">\n<li>geeignete und erforderliche Arbeitsinstrumente zu entwickeln<\/li>\n\n\n\n<li>im Interesse des Berufsstands politisch handeln zu k\u00f6nnen<\/li>\n\n\n\n<li>marktgerechte Bildungsinhalte und -angebote zu konzipieren<\/li>\n<\/ul>\n\n<div style=\"height:100px\" aria-hidden=\"true\" class=\"wp-block-spacer\"><\/div>\n\n<div class=\"wp-block-group alignfull has-gray-light-background-color has-background is-layout-constrained wp-container-core-group-is-layout-1cfdb9ee wp-block-group-is-layout-constrained\">\n<h2 class=\"wp-block-heading has-text-align-center\">Offen f\u00fcr alle in der Schweiz t\u00e4tigen Grafiker*innen<\/h2>\n\n\n\n<p class=\"has-text-align-center\">Wir laden alle Grafiker*innen (Grafikdesigner*innen, visuelle Gestalter*innen, Kommunikationsdesigner*innen) <strong>in der Schweiz<\/strong> dazu ein, an dieser Umfrage teilzunehmen, damit wir ein so weit wie m\u00f6glich repr\u00e4sentatives Bild der aktuellen beruflichen Situation erhalten.<\/p>\n\n\n\n<p class=\"has-text-align-center\">Wir bitten Sie ausserdem, diese Umfrage in Ihrem beruflichen Umfeld zu verbreiten, einschliesslich sozialer Netzwerke.<\/p>\n\n\n\n<p class=\"has-text-align-center\">&#8212;<\/p>\n\n\n\n<div style=\"height:20px\" aria-hidden=\"true\" class=\"wp-block-spacer\"><\/div>\n<\/div>\n\n<div style=\"height:100px\" aria-hidden=\"true\" class=\"wp-block-spacer\"><\/div>\n\n<h2 class=\"wp-block-heading\">Rahmen und Methodik<\/h2>\n\n<div class=\"wp-block-columns is-layout-flex wp-container-core-columns-is-layout-28f84493 wp-block-columns-is-layout-flex\">\n<div class=\"wp-block-column is-layout-flow wp-block-column-is-layout-flow\" style=\"flex-basis:25%\">\n<p><strong>Wann?<\/strong> <\/p>\n\n\n\n<p>\u00dcber 2 Monate, <br\/>vom 1. M\u00e4rz bis 30. April 2024.<\/p>\n<\/div>\n\n\n\n<div class=\"wp-block-column is-layout-flow wp-block-column-is-layout-flow\" style=\"flex-basis:25%\">\n<p><strong>Wer?<\/strong><\/p>\n\n\n\n<p>Diese Umfrage ist eine Initiative des Berufsverbands SGD Swiss Graphic Designers.<\/p>\n<\/div>\n\n\n\n<div class=\"wp-block-column is-layout-flow wp-block-column-is-layout-flow\" style=\"flex-basis:25%\">\n<p><strong>Wie?<\/strong><\/p>\n\n\n\n<p>Die Daten werden anonym gesammelt und ausgewertet und ausschliesslich f\u00fcr die Umfrage verwendet.<\/p>\n<\/div>\n\n\n\n<div class=\"wp-block-column is-layout-flow wp-block-column-is-layout-flow\" style=\"flex-basis:25%\">\n<p><strong>Aufwand? <\/strong><\/p>\n\n\n\n<p>F\u00fcr das Beantworten der Fragen ben\u00f6tigen Sie rund 20 Minuten.<\/p>\n<\/div>\n<\/div>\n\n<div class=\"wp-block-columns is-layout-flex wp-container-core-columns-is-layout-28f84493 wp-block-columns-is-layout-flex\">\n<div class=\"wp-block-column is-layout-flow wp-block-column-is-layout-flow\">\n<h3 class=\"wp-block-heading\">Ver\u00f6ffentlichung und Massnahmen<\/h3>\n\n\n\n<p class=\"is-style-default\">Wenn Sie am Schluss der Umfrage Ihre E-Mail-Adresse angeben, werden Sie \u00fcber die Ergebnisse informiert. Eine Auswertung sowie eine \u00dcbersicht der Massnahmen, die sich aus der Analyse ergeben, werden durch den SGD ver\u00f6ffentlicht. <\/p>\n<\/div>\n<\/div>\n\n<div class=\"wp-block-columns is-layout-flex wp-container-core-columns-is-layout-28f84493 wp-block-columns-is-layout-flex\">\n<div class=\"wp-block-column is-layout-flow wp-block-column-is-layout-flow\">\n<h3 class=\"wp-block-heading\">Personenbezogene Daten<\/h3>\n\n\n\n<p>Die Daten werden anonym und getrennt von der angegebenen E-Mail-Adresse gesammelt. Die angegebenen Kontaktdaten werden nur verwendet, um Sie \u00fcber die Umfrage, die Ver\u00f6ffentlichung der Analysen oder die Massnahmen, die sich aus der Analyse der Ergebnisse ergeben, zu informieren. <\/p>\n\n\n\n<p>Die gesammelten Daten werden nur f\u00fcr die Zwecke der Umfrage verwendet. Die Ver\u00f6ffentlichung der Ergebnisse wird keine personenbezogenen Daten enthalten, die eine Identifizierung der Teilnehmenden erm\u00f6glichen. Die mithilfe des Fragebogens erhobenen Daten werden nicht mit anderen personenbezogenen Daten kombiniert. Nach Abschluss der Umfrage und Ver\u00f6ffentlichung der Ergebnisse werden die personenbezogenen Daten vernichtet.   <\/p>\n<\/div>\n<\/div>\n","protected":false},"excerpt":{"rendered":"<p>Die Digitalisierung, die Zug\u00e4nglichkeit von Werkzeugen, die Entmaterialisierung und Globalisierung von Dienstleistungen sowie die k\u00fcnstliche Intelligenz haben den Markt f\u00fcr Grafikdesign stark ver\u00e4ndert. Aus diesem Grund ist es fu\u0308r uns wichtig, einen m\u00f6glichst realistischen \u00dcberblick u\u0308ber die Marktsituation zu erlangen: Um die Herausforderungen und Bedu\u0308rfnisse unseres Berufsstands herauszuarbeiten und um \u2026 Offen f\u00fcr alle in [&hellip;]<\/p>\n","protected":false},"author":1,"featured_media":0,"parent":0,"menu_order":0,"comment_status":"closed","ping_status":"open","template":"","meta":{"_acf_changed":false,"footnotes":""},"class_list":["post-32","page","type-page","status-publish","hentry"],"acf":[],"_links":{"self":[{"href":"https:\/\/state-of-the-graphic-design.ch\/de\/wp-json\/wp\/v2\/pages\/32","targetHints":{"allow":["GET"]}}],"collection":[{"href":"https:\/\/state-of-the-graphic-design.ch\/de\/wp-json\/wp\/v2\/pages"}],"about":[{"href":"https:\/\/state-of-the-graphic-design.ch\/de\/wp-json\/wp\/v2\/types\/page"}],"author":[{"embeddable":true,"href":"https:\/\/state-of-the-graphic-design.ch\/de\/wp-json\/wp\/v2\/users\/1"}],"replies":[{"embeddable":true,"href":"https:\/\/state-of-the-graphic-design.ch\/de\/wp-json\/wp\/v2\/comments?post=32"}],"version-history":[{"count":20,"href":"https:\/\/state-of-the-graphic-design.ch\/de\/wp-json\/wp\/v2\/pages\/32\/revisions"}],"predecessor-version":[{"id":253,"href":"https:\/\/state-of-the-graphic-design.ch\/de\/wp-json\/wp\/v2\/pages\/32\/revisions\/253"}],"wp:attachment":[{"href":"https:\/\/state-of-the-graphic-design.ch\/de\/wp-json\/wp\/v2\/media?parent=32"}],"curies":[{"name":"wp","href":"https:\/\/api.w.org\/{rel}","templated":true}]}}

<h2 class="wp-block-heading">Die Digitalisierung, die Zugänglichkeit von Werkzeugen, die Entmaterialisierung und Globalisierung von Dienstleistungen sowie die künstliche Intelligenz haben den Markt für Grafikdesign stark verändert.</h2>

<h3 class="wp-block-heading">Aus diesem Grund ist es für uns wichtig, einen möglichst realistischen Überblick über die Marktsituation zu erlangen: Um die Herausforderungen und Bedürfnisse unseres Berufsstands herauszuarbeiten und um …</h3>

<ul class="is-style-check has-large-font-size wp-block-list">
<li>geeignete und erforderliche Arbeitsinstrumente zu entwickeln</li>



<li>im Interesse des Berufsstands politisch handeln zu können</li>



<li>marktgerechte Bildungsinhalte und -angebote zu konzipieren</li>
</ul>

<div style="height:100px" aria-hidden="true" class="wp-block-spacer"></div>

<div class="wp-block-group alignfull has-gray-light-background-color has-background is-layout-constrained wp-container-core-group-is-layout-1cfdb9ee wp-block-group-is-layout-constrained">
<h2 class="wp-block-heading has-text-align-center">Offen für alle in der Schweiz tätigen Grafiker*innen</h2>



<p class="has-text-align-center">Wir laden alle Grafiker*innen (Grafikdesigner*innen, visuelle Gestalter*innen, Kommunikationsdesigner*innen) <strong>in der Schweiz</strong> dazu ein, an dieser Umfrage teilzunehmen, damit wir ein so weit wie möglich repräsentatives Bild der aktuellen beruflichen Situation erhalten.</p>



<p class="has-text-align-center">Wir bitten Sie ausserdem, diese Umfrage in Ihrem beruflichen Umfeld zu verbreiten, einschliesslich sozialer Netzwerke.</p>



<p class="has-text-align-center">&#8212;</p>



<div style="height:20px" aria-hidden="true" class="wp-block-spacer"></div>
</div>

<div style="height:100px" aria-hidden="true" class="wp-block-spacer"></div>

<h2 class="wp-block-heading">Rahmen und Methodik</h2>

<div class="wp-block-columns is-layout-flex wp-container-core-columns-is-layout-28f84493 wp-block-columns-is-layout-flex">
<div class="wp-block-column is-layout-flow wp-block-column-is-layout-flow" style="flex-basis:25%">
<p><strong>Wann?</strong> </p>



<p>Über 2 Monate, <br/>vom 1. März bis 30. April 2024.</p>
</div>



<div class="wp-block-column is-layout-flow wp-block-column-is-layout-flow" style="flex-basis:25%">
<p><strong>Wer?</strong></p>



<p>Diese Umfrage ist eine Initiative des Berufsverbands SGD Swiss Graphic Designers.</p>
</div>



<div class="wp-block-column is-layout-flow wp-block-column-is-layout-flow" style="flex-basis:25%">
<p><strong>Wie?</strong></p>



<p>Die Daten werden anonym gesammelt und ausgewertet und ausschliesslich für die Umfrage verwendet.</p>
</div>



<div class="wp-block-column is-layout-flow wp-block-column-is-layout-flow" style="flex-basis:25%">
<p><strong>Aufwand? </strong></p>



<p>Für das Beantworten der Fragen benötigen Sie rund 20 Minuten.</p>
</div>
</div>

<div class="wp-block-columns is-layout-flex wp-container-core-columns-is-layout-28f84493 wp-block-columns-is-layout-flex">
<div class="wp-block-column is-layout-flow wp-block-column-is-layout-flow">
<h3 class="wp-block-heading">Veröffentlichung und Massnahmen</h3>



<p class="is-style-default">Wenn Sie am Schluss der Umfrage Ihre E-Mail-Adresse angeben, werden Sie über die Ergebnisse informiert. Eine Auswertung sowie eine Übersicht der Massnahmen, die sich aus der Analyse ergeben, werden durch den SGD veröffentlicht. </p>
</div>
</div>

<div class="wp-block-columns is-layout-flex wp-container-core-columns-is-layout-28f84493 wp-block-columns-is-layout-flex">
<div class="wp-block-column is-layout-flow wp-block-column-is-layout-flow">
<h3 class="wp-block-heading">Personenbezogene Daten</h3>



<p>Die Daten werden anonym und getrennt von der angegebenen E-Mail-Adresse gesammelt. Die angegebenen Kontaktdaten werden nur verwendet, um Sie über die Umfrage, die Veröffentlichung der Analysen oder die Massnahmen, die sich aus der Analyse der Ergebnisse ergeben, zu informieren. </p>



<p>Die gesammelten Daten werden nur für die Zwecke der Umfrage verwendet. Die Veröffentlichung der Ergebnisse wird keine personenbezogenen Daten enthalten, die eine Identifizierung der Teilnehmenden ermöglichen. Die mithilfe des Fragebogens erhobenen Daten werden nicht mit anderen personenbezogenen Daten kombiniert. Nach Abschluss der Umfrage und Veröffentlichung der Ergebnisse werden die personenbezogenen Daten vernichtet.   </p>
</div>
</div>

<p>Die Digitalisierung, die Zugänglichkeit von Werkzeugen, die Entmaterialisierung und Globalisierung von Dienstleistungen sowie die künstliche Intelligenz haben den Markt für Grafikdesign stark verändert. Aus diesem Grund ist es für uns wichtig, einen möglichst realistischen Überblick über die Marktsituation zu erlangen: Um die Herausforderungen und Bedürfnisse unseres Berufsstands herauszuarbeiten und um … Offen für alle in [&hellip;]</p>
