{"id":230,"date":"2024-04-29T04:52:11","date_gmt":"2024-04-29T04:52:11","guid":{"rendered":"https:\/\/state-of-the-graphic-design.ch\/?page_id=230"},"modified":"2024-05-01T01:23:41","modified_gmt":"2024-05-01T01:23:41","slug":"umfrage-abgeschlossen-auswertung-laeuft","status":"publish","type":"page","link":"https:\/\/state-of-the-graphic-design.ch\/de\/","title":{"rendered":"Umfrage abgeschlossen &#8211; Analyse noch nicht abgeschlossen"},"content":{"rendered":"\n<h3 class=\"wp-block-heading\"><strong>Die Datenerhebung erfolgte \u00fcber zwei Monate, vom 1. M\u00e4rz bis zum 30. April 2024.  <\/strong><\/h3>\n\n<p>Die Ergebnisse werden derzeit verarbeitet und analysiert. Die Ver\u00f6ffentlichung der Analysen und die Priorisierung von Ma\u00dfnahmen, die sich aus der Analyse der Ergebnisse ergeben, wird im Laufe des Jahres 2024 erfolgen.<\/p>\n\n<p>Die Ergebnisse werden den registrierten Teilnehmern per E-Mail \u00fcbermittelt.<\/p>\n\n<div class=\"wp-block-group has-gray-light-background-color has-background is-layout-constrained wp-container-core-group-is-layout-dad8a17d wp-block-group-is-layout-constrained\" style=\"padding-top:var(--wp--preset--spacing--50);padding-right:var(--wp--preset--spacing--50);padding-bottom:var(--wp--preset--spacing--50);padding-left:var(--wp--preset--spacing--50)\">\n<p class=\"has-text-align-center\">Sind Sie daran interessiert, die Ergebnisse zu erhalten?<\/p>\n\n\n\n<div class=\"wp-block-buttons is-content-justification-center is-layout-flex wp-container-core-buttons-is-layout-a89b3969 wp-block-buttons-is-layout-flex\">\n<div class=\"wp-block-button\"><a class=\"wp-block-button__link wp-element-button\" href=\"https:\/\/state-of-the-graphic-design.ch\/de\/contact\/\">Melden Sie sich an<\/a><\/div>\n<\/div>\n<\/div>\n","protected":false},"excerpt":{"rendered":"<p>Die Datenerhebung erfolgte \u00fcber zwei Monate, vom 1. M\u00e4rz bis zum 30. April 2024. Die Ergebnisse werden derzeit verarbeitet und analysiert. Die Ver\u00f6ffentlichung der Analysen und die Priorisierung von Ma\u00dfnahmen, die sich aus der Analyse der Ergebnisse ergeben, wird im Laufe des Jahres 2024 erfolgen. Die Ergebnisse werden den registrierten Teilnehmern per E-Mail \u00fcbermittelt. Sind [&hellip;]<\/p>\n","protected":false},"author":1,"featured_media":0,"parent":0,"menu_order":0,"comment_status":"closed","ping_status":"closed","template":"","meta":{"_acf_changed":false,"footnotes":""},"class_list":["post-230","page","type-page","status-publish","hentry"],"acf":[],"_links":{"self":[{"href":"https:\/\/state-of-the-graphic-design.ch\/de\/wp-json\/wp\/v2\/pages\/230","targetHints":{"allow":["GET"]}}],"collection":[{"href":"https:\/\/state-of-the-graphic-design.ch\/de\/wp-json\/wp\/v2\/pages"}],"about":[{"href":"https:\/\/state-of-the-graphic-design.ch\/de\/wp-json\/wp\/v2\/types\/page"}],"author":[{"embeddable":true,"href":"https:\/\/state-of-the-graphic-design.ch\/de\/wp-json\/wp\/v2\/users\/1"}],"replies":[{"embeddable":true,"href":"https:\/\/state-of-the-graphic-design.ch\/de\/wp-json\/wp\/v2\/comments?post=230"}],"version-history":[{"count":3,"href":"https:\/\/state-of-the-graphic-design.ch\/de\/wp-json\/wp\/v2\/pages\/230\/revisions"}],"predecessor-version":[{"id":245,"href":"https:\/\/state-of-the-graphic-design.ch\/de\/wp-json\/wp\/v2\/pages\/230\/revisions\/245"}],"wp:attachment":[{"href":"https:\/\/state-of-the-graphic-design.ch\/de\/wp-json\/wp\/v2\/media?parent=230"}],"curies":[{"name":"wp","href":"https:\/\/api.w.org\/{rel}","templated":true}]}}

<h3 class="wp-block-heading"><strong>Die Datenerhebung erfolgte über zwei Monate, vom 1. März bis zum 30. April 2024.  </strong></h3>

<p>Die Ergebnisse werden derzeit verarbeitet und analysiert. Die Veröffentlichung der Analysen und die Priorisierung von Maßnahmen, die sich aus der Analyse der Ergebnisse ergeben, wird im Laufe des Jahres 2024 erfolgen.</p>

<p>Die Ergebnisse werden den registrierten Teilnehmern per E-Mail übermittelt.</p>

<div class="wp-block-group has-gray-light-background-color has-background is-layout-constrained wp-container-core-group-is-layout-dad8a17d wp-block-group-is-layout-constrained" style="padding-top:var(--wp--preset--spacing--50);padding-right:var(--wp--preset--spacing--50);padding-bottom:var(--wp--preset--spacing--50);padding-left:var(--wp--preset--spacing--50)">
<p class="has-text-align-center">Sind Sie daran interessiert, die Ergebnisse zu erhalten?</p>



<div class="wp-block-buttons is-content-justification-center is-layout-flex wp-container-core-buttons-is-layout-a89b3969 wp-block-buttons-is-layout-flex">
<div class="wp-block-button"><a class="wp-block-button__link wp-element-button" href="https://state-of-the-graphic-design.ch/de/contact/">Melden Sie sich an</a></div>
</div>
</div>

<p>Die Datenerhebung erfolgte über zwei Monate, vom 1. März bis zum 30. April 2024. Die Ergebnisse werden derzeit verarbeitet und analysiert. Die Veröffentlichung der Analysen und die Priorisierung von Maßnahmen, die sich aus der Analyse der Ergebnisse ergeben, wird im Laufe des Jahres 2024 erfolgen. Die Ergebnisse werden den registrierten Teilnehmern per E-Mail übermittelt. Sind [&hellip;]</p>
